of h?
6
Let o = 307 + -516. Let r = o - -308. What is the units digit of r?
9
Let k(p) = p**2 - p**3 + 2*p + 8*p**2 + 24 + 10*p - 36. What is the units digit of k(10)?
8
Suppose 2792 = 4*g + 2*m, -4*g - 4*m = -3*m - 2792. What is the hundreds digit of g?
6
Let l = 316 + -94. Suppose -2*d + 102 = -l. What is the tens digit of d?
6
Let j = -18 + 31. Let w = j + -12. What is the tens digit of ((-46)/4)/(w/(-2))?
2
Let i(t) = 2*t**2 + t + 1. Let u be i(-1). Suppose -5*o = -2*f, u*o = 4*f - 3*f + 1. Let b = o + 28. What is the units digit of b?
6
Suppose 5*n + 5*c = -4 - 21, 0 = 3*n + c + 17. Suppose 4*f - f = 4*y + 77, 2*y = -4*f - 44. What is the units digit of (-892)/y + n/10?
4
Suppose -5*i + 996 + 879 = 0. Suppose 3*h - i + 93 = 0. What is the tens digit of h?
9
What is the tens digit of 1/7*3 - (-27258)/539?
5
Suppose 0 = -4*a + 5*o + 12, a - 5*o + 0 = 3. Let d be (-2)/(a - 21/6). Suppose 21 = 5*f - d*f. What is the tens digit of f?
2
Let x(y) be the second derivative of -y**5/20 + y**3/3 + 3*y**2/2 + 2*y. Let k be x(-3). Suppose 0 = j - k - 17. What is the units digit of j?
1
Let n be ((-6)/(-15))/((-3)/(-30)). Suppose -j - 17 - 50 = -n*l, -5*l - 5*j = -115. Let t = l - -18. What is the units digit of t?
6
Let h be (25/10 + -3)*(872 + 0). Let k = -295 - h. What is the units digit of k?
1
Let f = -13 + 13. Let m be f/(5 + (0 - 3)). Suppose m = 2*x - 5*s + 19 - 101, 5*s = -5*x + 275. What is the units digit of x?
1
Let r = 4137 - 459. What is the units digit of r?
8
Let l = -203 - -441. Suppose -3*n = u - 8*n - 111, l = 2*u - 2*n. What is the tens digit of u?
2
Suppose 8*y + 467 = 9*y. Suppose -4*l + y = -3*k + 2*k, -470 = -4*l - 2*k. What is the hundreds digit of l?
1
Suppose 41 = -5*k - 29. Let w = 23 + -57. Let g = k - w. What is the units digit of g?
0
Let x = -8 + 12. Suppose -5*d - 73 = -p, 70 = p + x*d - 6*d. What is the tens digit of p?
6
What is the hundreds digit of (96/20)/(((-255)/(-12700))/17)?
0
What is the hundreds digit of (-23716)/(-5) + (6 + -7)/5?
7
Suppose s - 1306 = -2*n + 6*s, 4*s - 1270 = -2*n. What is the tens digit of n?
4
Let p = 138 + 159. What is the units digit of p?
7
Let z = 100 - 194. Let y = z - -165. What is the tens digit of y?
7
Let v = -38 - -22. Let r = v - -15. Let o = 6 - r. What is the units digit of o?
7
What is the units digit of ((-189)/(-84))/(3/824)?
8
Suppose 0 = -4*s + 2*g - 17 + 345, 0 = -3*g. What is the units digit of s?
2
Let s be (64/(-10))/(6/(-15)). Suppose -4*u + 3*h = 28, h - s = u + 2*u. What is the tens digit of (u - -22)/(2/6)?
5
Let r(o) = 7*o**3 + o**2 - 3*o - 20. What is the units digit of r(5)?
5
Let k = -241 - -3047. What is the tens digit of k?
0
Let c(t) be the first derivative of -t**4/4 - 13*t**3/3 + 11*t**2 + 27*t - 7. What is the units digit of c(-15)?
7
Let v = 8 + 1. What is the units digit of (-5 - -2)*(-75)/v?
5
Let l(m) = m**2 + 6*m - 15. Let u(s) = 3*s - 24. Let o be u(10). What is the tens digit of l(o)?
5
Let w(p) = p**2 - p - 6. Let z be w(-2). Suppose 3*t = -0*b + 2*b - 262, z = -3*t - 6. What is the hundreds digit of b?
1
Let m(a) be the first derivative of a**3 + 13*a**2/2 - 9*a - 8. Let k be m(-6). Let o = k + -3. What is the tens digit of o?
1
Let h = 96 + -86. What is the tens digit of (h - 8) + 286/1?
8
Let i(z) = -z**2 + 3*z + 4. Let x be i(3). Suppose -f + v - 91 = x*f, 0 = -2*f + 2*v - 38. What is the units digit of 11 - 9/(f/(-4))?
9
Suppose -v = -c - 359, -5*v + c - 6*c + 1845 = 0. Suppose 16 - v = -4*y. What is the tens digit of y?
8
Let a(w) = w**3 + 13*w**2 - w + 4. Suppose -3*o + g = 2*o + 63, 3*o + 3*g = -45. Let c be a(o). Suppose 0 = -l + 6 + c. What is the units digit of l?
3
Suppose -102 = 6*l - 3*l - 3*a, -a = 4*l + 161. Let v = l + 71. What is the units digit of v?
2
Let c be (-405)/(-4)*(-1 - 77/(-21)). Suppose -1100 = c*u - 275*u. What is the hundreds digit of u?
2
Let t = -504 - -903. What is the units digit of t?
9
Let p(j) = -6*j + 10. Let n be p(4). Let d be 60/n + 16/56. Let u(c) = -18*c - 13. What is the tens digit of u(d)?
5
Let x = 182 + -122. Suppose -4 = r - x. What is the tens digit of r?
5
Let s = 2848 + -1671. What is the tens digit of s?
7
Let b(w) = 2*w**3 - 4*w**2 - 26*w - 26. What is the tens digit of b(11)?
6
Let b = -2297 + 3733. What is the hundreds digit of b?
4
Let t = 4 + 538. What is the hundreds digit of t?
5
Let v be (45/(-10) + 3)*14. Let i(t) = t**2 + 19*t + 20. What is the tens digit of i(v)?
6
Let n = 276 - 214. What is the tens digit of n?
6
Let s be 1/2*(-1 + 1). Let g(f) = 3*f**2 - f - 35. Let a(c) = 7*c**2 - 3*c - 69. Let l(t) = 2*a(t) - 5*g(t). What is the units digit of l(s)?
7
Suppose -11*u = -13*u + 64. What is the units digit of u - 7/((-14)/(-6))?
9
Let x = 15 - 24. Let i = x + 7. What is the tens digit of (-20)/(i*4/20)?
5
Let m = 272 - 182. What is the hundreds digit of (-3*m)/(-3)*(-8)/(-3)?
2
Suppose -4*i + 2 = q + i, -3*q - 3*i + 6 = 0. Suppose -q*v - 183 = -493. Suppose -v = -4*m - m. What is the tens digit of m?
3
Let z be (-5)/(-1) - (-3 + 4). Suppose -p - 66 = z*w + p, w - 5*p + 33 = 0. Let k = 78 + w. What is the tens digit of k?
6
Let o be (-27)/3*(20/(-12) + 2). What is the tens digit of ((-4)/o + -1)*186?
6
Suppose -6*s = -2*s. Suppose s = -5*i - 10 + 35. Suppose -i*w = -w - 52. What is the tens digit of w?
1
Let u(w) = -w**2 + 32*w + 1. What is the units digit of u(7)?
6
Let z = 137 - 75. Suppose 178 = 4*f - z. Suppose -2*a = 3*a - f. What is the units digit of a?
2
Suppose -2*i = 21 - 323. What is the hundreds digit of i?
1
Suppose 2 = 5*o - 8. Let p(r) = -10*r - o + 2 - 2. What is the units digit of p(-1)?
8
Suppose -2628 = 12*t - 18*t. What is the hundreds digit of t?
4
Suppose 3*h - s = 2*h - 3, 3*h + 4*s = 19. Let o be (-2 - 4 - 3)*h. What is the units digit of o/6*(5 + -11)?
9
Let b(m) = m**2 + 6*m + 3. Let g be b(-6). Suppose 0 = i + 5*j - 91, g*j - 5 = 4. What is the units digit of i?
6
Suppose 5*u = -g + 330, 2*u = -3*g - 0*u + 990. What is the units digit of (5/2)/(11/g)?
5
Suppose 1799 = 2*u - 5*y, -730 = -u + 3*y + 168. What is the hundreds digit of u?
9
Let v = 113 - -55. What is the hundreds digit of v?
1
Let k be 0 + (-3)/6*0. Suppose k = -0*b + 4*b + 36. What is the tens digit of (-232)/b + (-2)/(-9)?
2
Let p = 93 + -40. Let f(z) = 2*z**2 + 7*z - 4. Let a be f(-6). Let v = p - a. What is the units digit of v?
7
Suppose r = 6*r. Let a = -117 + 120. Suppose -4*d = -a*b - 32, -2*b + r*b = d - 8. What is the units digit of d?
8
Suppose 4*x + 6*x - 16570 = 0. What is the units digit of x?
7
Let d be 231 - 7/((-7)/2). Suppose 139 = 4*r - d. What is the units digit of r?
3
Let f be 4/(-8)*(1 - 1). Suppose -n = u, -4*u + u - 2*n + 3 = f. Suppose -2*t + 69 = u*q, -q = -5*q + 3*t + 75. What is the units digit of q?
1
Suppose -2*w - 5*z = -12 + 2, 4*z + 31 = w. Let h be 27/((w/(-4))/(-5)). Suppose 6*d - 2*d - h = 0. What is the units digit of d?
9
Let k = -151 + 242. What is the units digit of k?
1
Let m(l) be the first derivative of 49*l**4/2 - 2*l**3/3 + l**2 - l + 8. What is the units digit of m(1)?
7
What is the tens digit of ((-127)/5)/((-25)/625)?
3
Let u = 18 + -13. Let o(s) = s**2 - 6*s - 1. Let j be o(u). Let d = 11 + j. What is the units digit of d?
5
Let w = 2253 - -171. What is the units digit of w?
4
Let u be (-26)/(-10) + 16/40. Let k = 55 + -31. Suppose -u*l + k + 6 = 0. What is the tens digit of l?
1
Let a(j) = -3*j - 2*j + 14*j - 5. Let n be a(8). Suppose n = 5*s + 22. What is the units digit of s?
9
Suppose 7*u + 655 + 395 = 0. Let p = 317 + u. What is the hundreds digit of p?
1
Suppose -j - 3*j = 16, -3*b + 241 = -4*j. Let x(t) = -t**3 - 8*t**2 + 10*t + 12. Let y be x(-9). Suppose y*s + 0*s = b. What is the units digit of s?
5
What is the hundreds digit of 10614/18 - -3*10/(-45)?
5
What is the units digit of 168 + -70 + -1 + 2?
9
Suppose 4 = 3*r - 5. Let i = 12 - r. What is the units digit of i?
9
Suppose 0 = 2*u + 1 - 13. Let i(n) = 7*n - 10*n - 43 + n**2 + 49. What is the units digit of i(u)?
4
Let v be 3/(12/8) - 25*-3. What is the units digit of v/((3/(-6))/(-1))?
4
Let u(m) = -m**2 + 1. Let a(l) = l**3 - 11*l**2 - 4*l + 5. Let p(i) = a(i) - 5*u(i). Let z be p(5). What is the units digit of (z/(-2))/((-27)/(-36))?
0
Let t = -1 + -11. Let r be (4/t)/((-1)/